, 7, 226133
List the prime factors of 1597269713.
13, 19, 6466679
What are the prime factors of 3300716151?
3, 366746239
List the prime factors of 94680042.
2, 3, 15780007
What are the prime factors of 499259254?
2, 13, 1009, 19031
What are the prime factors of 39052943?
39052943
List the prime factors of 26876874.
2, 3, 37, 121067
What are the prime factors of 42363278?
2, 251, 84389
What are the prime factors of 1799943205?
5, 373, 965117
List the prime factors of 3181642220.
2, 5, 31, 73, 70297
List the prime factors of 5532662916.
2, 3, 11, 13971371
What are the prime factors of 37573275?
3, 5, 500977
What are the prime factors of 1439712305?
5, 401, 499, 1439
What are the prime factors of 90629146?
2, 3923, 11551
List the prime factors of 22730797.
22730797
List the prime factors of 211498867.
211498867
What are the prime factors of 2597019870?
2, 3, 5, 86567329
List the prime factors of 367477852.
2, 7, 83, 461
List the prime factors of 89515177.
41, 149, 14653
What are the prime factors of 160905195?
3, 5, 11, 29, 1019
List the prime factors of 619211246.
2, 163, 1899421
What are the prime factors of 370879492?
2, 29, 439, 7283
List the prime factors of 2956901006.
2, 1478450503
What are the prime factors of 4115753709?
3, 673, 829, 2459
What are the prime factors of 213659359?
263, 812393
List the prime factors of 5962990429.
11, 542090039
What are the prime factors of 591713651?
29, 101, 269, 751
What are the prime factors of 1653066970?
2, 5, 165306697
List the prime factors of 326169919.
107, 211, 14447
What are the prime factors of 4226424940?
2, 5, 521, 405607
List the prime factors of 1815685391.
13, 17, 19, 181, 2389
List the prime factors of 137234635.
5, 3593, 7639
What are the prime factors of 3756390?
2, 3, 5, 11, 11383
List the prime factors of 1342119801.
3, 11, 40670297
What are the prime factors of 58258623?
3, 491, 39551
List the prime factors of 244823035.
5, 17, 2880271
List the prime factors of 228317.
29, 7873
What are the prime factors of 43008307?
43008307
What are the prime factors of 983682457?
2081, 472697
List the prime factors of 5284987.
5284987
List the prime factors of 714932587.
251, 2848337
List the prime factors of 146321777.
7, 20903111
List the prime factors of 2162514.
2, 3, 439, 821
List the prime factors of 396875901.
3, 2617, 50551
List the prime factors of 4961155.
5, 992231
What are the prime factors of 184898411?
127, 1455893
List the prime factors of 4522778772.
2, 3, 19, 19836749
List the prime factors of 6707217.
3, 11, 203249
List the prime factors of 4370738591.
757, 5773763
What are the prime factors of 902004688?
2, 13, 197, 22013
What are the prime factors of 906788521?
149, 773, 7873
What are the prime factors of 481768248?
2, 3, 13, 1544129
List the prime factors of 325697504.
2, 11, 643, 1439
What are the prime factors of 661374762?
2, 3, 19, 113, 51341
List the prime factors of 82956588.
2, 3, 11, 13, 29, 1667
List the prime factors of 1862753515.
5, 7, 71, 587, 1277
List the prime factors of 114634260.
2, 3, 5, 13, 48989
List the prime factors of 239596450.
2, 5, 4791929
What are the prime factors of 81059426?
2, 7, 787, 1051
List the prime factors of 333878711.
29, 31, 371389
What are the prime factors of 988688679?
3, 11, 29960263
What are the prime factors of 985080363?
3, 23, 1801, 7927
What are the prime factors of 89305314?
2, 3, 7, 2126317
What are the prime factors of 852419182?
2, 426209591
List the prime factors of 1409664968.
2, 176208121
What are the prime factors of 2165583299?
11, 127, 1550167
List the prime factors of 78982854.
2, 3, 31, 424639
List the prime factors of 75394082.
2, 17, 2217473
What are the prime factors of 117942296?
2, 14742787
What are the prime factors of 129412923?
3, 43137641
List the prime factors of 93318043.
7, 13, 829, 1237
List the prime factors of 44851219.
7, 17, 23, 2341
List the prime factors of 284309525.
5, 31, 366851
What are the prime factors of 839670366?
2, 3, 139, 1006799
What are the prime factors of 909324971?
19, 47859209
List the prime factors of 536860731.
3, 11, 17, 29, 32999
What are the prime factors of 587057138?
2, 599, 490031
List the prime factors of 594645803.
71, 331, 25303
What are the prime factors of 428575460?
2, 5, 41, 157, 3329
List the prime factors of 109806188.
2, 1409, 19483
What are the prime factors of 1007386939?
13, 77491303
What are the prime factors of 652919557?
139, 191, 24593
What are the prime factors of 2058974725?
5, 82358989
What are the prime factors of 60120653?
17, 359, 9851
List the prime factors of 354452057.
17, 23, 239, 3793
List the prime factors of 69136911.
3, 7681879
What are the prime factors of 64232948?
2, 13, 1235249
What are the prime factors of 18684083?
11, 1698553
List the prime factors of 167584723.
223, 277, 2713
What are the prime factors of 59102560?
2, 5, 11, 33581
What are the prime factors of 1153877661?
3, 128208629
List the prime factors of 182773076.
2, 181, 252449
List the prime factors of 3421132255.
5, 31, 151, 313, 467
List the prime factors of 470582621.
1609, 292469
What are the prime factors of 626713053?
3, 139, 1502909
List the prime factors of 152259537.
3, 50753179
What are the prime factors of 132637630?
2, 5, 13263763
List the prime factors of 6157166871.
3, 29, 67, 419, 2521
What are the prime factors of 3974495?
5, 7, 113557
List the prime factors of 169481803.
169481803
List the prime factors of 90835890.
2, 3, 5, 31, 97673
What are the prime factors of 1855252399?
7, 11, 13, 1853399
List the prime factors of 863401337.
6709, 128693
What are the prime factors of 2035920492?
2, 3, 1493, 37879
List the prime factors of 8832151.
131, 67421
What are the prime factors of 19929949?
13, 73, 21001
List the prime factors of 257932353.
3, 7, 19, 41, 15767
List the prime factors of 96158409.
3, 17, 1885459
List the prime factors of 8058831014.
2, 13, 41, 131, 57709
List the prime factors of 1068877809.
3, 3547, 11161
What are the prime factors of 10421423?
61, 170843
List the prime factors of 11179754.
2, 67, 83431
List the prime factors of 21291353.
23, 383, 2417
What are the prime factors of 3809310374?
2, 1904655187
What are the prime factors of 214990897?
11, 97, 201491
List the prime factors of 1170605412.
2, 3, 1567, 6917
List the prime factors of 2366294631.
3, 181, 613, 7109
List the prime factors of 6385079.
1847, 3457
List the prime factors of 321808523.
101, 3186223
List the prime factors of 1068500.
2, 5, 2137
List the prime factors of 186000539.
186000539
What are the prime factors of 2272532?
2, 568133
List the prime factors of 220265545.
5, 44053109
What are the prime factors of 13504589?
7, 1929227
What are the prime factors of 116196688?
2, 97, 74869
What are the prime factors of 2269431?
3, 84053
What are the prime factors of 77923082?
2, 239, 163019
List the prime factors of 34191991.
41, 409, 2039
What are the prime factors of 691801936?
2, 7, 6176803
List the prime factors of 45455019.
3, 41, 369553
List the prime factors of 1161336752.
2, 72583547
List the prime factors of 521930565.
3, 5, 13, 892189
List the prime factors of 95341947.
3, 593, 53593
List the prime factors of 249814960.
2, 5, 23, 5903
What are the prime factors of 139582210?
2, 5, 13958221
What are the prime factors of 2003789384?
2, 239, 1048007
What are the prime factors of 5053752274?
2, 2526876137
What are the prime factors of 79408639?
31, 1399, 1831
List the prime factors of 116134820.
2, 5, 17, 23, 14851
What are the prime factors of 2869245701?
7, 409892243
What are the prime factors of 77554222?
2, 38777111
What are the prime factors of 260633527?
7, 11, 29, 116719
List the prime factors of 4228644637.
7, 59, 10238849
List the prime factors of 1943200095.
3, 5, 7351, 17623
List the prime factors of 66824627.
37, 137, 13183
List the prime factors of 63530215.
5, 7, 349, 743
What are the prime factors of 1556057236?
2, 167, 911, 2557
What are the prime factors of 63454093?
63454093
What are the prime factors of 1712339374?
2, 23, 31, 1200799
List the prime factors of 717201185.
5, 17, 496333
List the prime factors of 1361913477.
3, 73, 809, 7687
List the prime factors of 22267881.
3, 2474209
List the prime factors of 8020037.
29, 276553
What are the prime fact